{"id":1155,"date":"2020-07-11T08:52:47","date_gmt":"2020-07-11T07:52:47","guid":{"rendered":"http:\/\/emmaus-blois.com\/?page_id=1155"},"modified":"2024-08-20T14:24:23","modified_gmt":"2024-08-20T13:24:23","slug":"la-boutique","status":"publish","type":"page","link":"https:\/\/emmaus-blois.com\/index.php\/la-boutique\/","title":{"rendered":"LA BOUTIQUE !"},"content":{"rendered":"<div class=\"wp-block-image\">\n<figure class=\"aligncenter is-resized\"><img loading=\"lazy\" src=\"http:\/\/emmaus-blois.com\/wp-content\/uploads\/2020\/07\/La-boutique-1024x576.png\" alt=\"\" class=\"wp-image-1181\" width=\"774\" height=\"434\" srcset=\"https:\/\/emmaus-blois.com\/wp-content\/uploads\/2020\/07\/La-boutique-1024x576.png 1024w, https:\/\/emmaus-blois.com\/wp-content\/uploads\/2020\/07\/La-boutique-300x169.png 300w, https:\/\/emmaus-blois.com\/wp-content\/uploads\/2020\/07\/La-boutique-768x432.png 768w, https:\/\/emmaus-blois.com\/wp-content\/uploads\/2020\/07\/La-boutique-1536x864.png 1536w, https:\/\/emmaus-blois.com\/wp-content\/uploads\/2020\/07\/La-boutique-2048x1152.png 2048w, https:\/\/emmaus-blois.com\/wp-content\/uploads\/2020\/07\/La-boutique-1140x641.png 1140w\" sizes=\"(max-width: 774px) 100vw, 774px\" \/><\/figure><\/div>\n\n\n<p>Bienvenue sur la nouvelle page de notre siteweb EMMA\u00dcS Blois d\u00e9di\u00e9 \u00e0 La Boutique! Vous y trouverez toutes les informations concernant La Boutique! EMMA\u00dcS Blois et ses rayons (Bijoux, Bric-\u00e0-Brac, \u00c9lectrom\u00e9nager, Jouet, Livre, Literie, Meuble, Pu\u00e9riculture, TV \u2013 Hifi, V\u00eatement). Nous vous rappelons que les horaires d\u2019ouverture de La Boutique! sont le Mercredi de 14h00 \u00e0 17h00 et le Samedi de 9h30 \u00e0 12H00 puis de 14h00 \u00e0 17h00.<\/p>\n\n\n\n<figure class=\"wp-block-image size-large\"><img loading=\"lazy\" width=\"724\" height=\"1024\" src=\"http:\/\/emmaus-blois.com\/wp-content\/uploads\/2020\/07\/Parcours-du-don-724x1024.png\" alt=\"\" class=\"wp-image-1440\" srcset=\"https:\/\/emmaus-blois.com\/wp-content\/uploads\/2020\/07\/Parcours-du-don-724x1024.png 724w, https:\/\/emmaus-blois.com\/wp-content\/uploads\/2020\/07\/Parcours-du-don-212x300.png 212w, https:\/\/emmaus-blois.com\/wp-content\/uploads\/2020\/07\/Parcours-du-don-768x1086.png 768w, https:\/\/emmaus-blois.com\/wp-content\/uploads\/2020\/07\/Parcours-du-don-1086x1536.png 1086w, https:\/\/emmaus-blois.com\/wp-content\/uploads\/2020\/07\/Parcours-du-don-1448x2048.png 1448w, https:\/\/emmaus-blois.com\/wp-content\/uploads\/2020\/07\/Parcours-du-don-1140x1613.png 1140w, https:\/\/emmaus-blois.com\/wp-content\/uploads\/2020\/07\/Parcours-du-don.png 1587w\" sizes=\"(max-width: 724px) 100vw, 724px\" \/><\/figure>\n","protected":false},"excerpt":{"rendered":"<p>Bienvenue sur la nouvelle page de notre siteweb EMMA\u00dcS Blois d\u00e9di\u00e9 \u00e0 La Boutique! Vous y trouverez toutes les informations concernant La Boutique! EMMA\u00dcS Blois et ses rayons (Bijoux, Bric-\u00e0-Brac, \u00c9lectrom\u00e9nager, Jouet, Livre, Literie, Meuble, Pu\u00e9riculture, TV \u2013 Hifi, V\u00eatement). Nous vous rappelons que les horaires d\u2019ouverture de La Boutique! sont le Mercredi de 14h00 \u00e0 17h00 et le Samedi de 9h30 \u00e0 12H00 puis de 14h00 \u00e0 17h00.<\/p>\n","protected":false},"author":3,"featured_media":0,"parent":0,"menu_order":0,"comment_status":"closed","ping_status":"closed","template":"","meta":{"_mi_skip_tracking":false},"yoast_head":"<!-- This site is optimized with the Yoast SEO plugin v19.14 - https:\/\/yoast.com\/wordpress\/plugins\/seo\/ -->\n<title>LA BOUTIQUE ! - Emmaus Blois<\/title>\n<meta name=\"description\" content=\"Nous vous rappelons que les horaires d\u2019ouverture de La Boutique! sont le Mercredi de 14h00 \u00e0 17h00 et le Samedi de 9h30 \u00e0 12H00 puis de 14h00 \u00e0 17h00.\" \/>\n<meta name=\"robots\" content=\"index, follow, max-snippet:-1, max-image-preview:large, max-video-preview:-1\" \/>\n<link rel=\"canonical\" href=\"https:\/\/emmaus-blois.com\/index.php\/la-boutique\/\" \/>\n<meta property=\"og:locale\" content=\"fr_FR\" \/>\n<meta property=\"og:type\" content=\"article\" \/>\n<meta property=\"og:title\" content=\"LA BOUTIQUE ! - Emmaus Blois\" \/>\n<meta property=\"og:description\" content=\"Nous vous rappelons que les horaires d\u2019ouverture de La Boutique! sont le Mercredi de 14h00 \u00e0 17h00 et le Samedi de 9h30 \u00e0 12H00 puis de 14h00 \u00e0 17h00.\" \/>\n<meta property=\"og:url\" content=\"https:\/\/emmaus-blois.com\/index.php\/la-boutique\/\" \/>\n<meta property=\"og:site_name\" content=\"Emmaus Blois\" \/>\n<meta property=\"article:modified_time\" content=\"2024-08-20T13:24:23+00:00\" \/>\n<meta property=\"og:image\" content=\"http:\/\/emmaus-blois.com\/wp-content\/uploads\/2020\/07\/La-boutique-1024x576.png\" \/>\n<meta name=\"twitter:card\" content=\"summary_large_image\" \/>\n<meta name=\"twitter:label1\" content=\"Dur\u00e9e de lecture estim\u00e9e\" \/>\n\t<meta name=\"twitter:data1\" content=\"1 minute\" \/>\n<script type=\"application\/ld+json\" class=\"yoast-schema-graph\">{\"@context\":\"https:\/\/schema.org\",\"@graph\":[{\"@type\":\"WebPage\",\"@id\":\"https:\/\/emmaus-blois.com\/index.php\/la-boutique\/\",\"url\":\"https:\/\/emmaus-blois.com\/index.php\/la-boutique\/\",\"name\":\"LA BOUTIQUE ! - Emmaus Blois\",\"isPartOf\":{\"@id\":\"https:\/\/emmaus-blois.com\/#website\"},\"datePublished\":\"2020-07-11T07:52:47+00:00\",\"dateModified\":\"2024-08-20T13:24:23+00:00\",\"description\":\"Nous vous rappelons que les horaires d\u2019ouverture de La Boutique! sont le Mercredi de 14h00 \u00e0 17h00 et le Samedi de 9h30 \u00e0 12H00 puis de 14h00 \u00e0 17h00.\",\"breadcrumb\":{\"@id\":\"https:\/\/emmaus-blois.com\/index.php\/la-boutique\/#breadcrumb\"},\"inLanguage\":\"fr-FR\",\"potentialAction\":[{\"@type\":\"ReadAction\",\"target\":[\"https:\/\/emmaus-blois.com\/index.php\/la-boutique\/\"]}]},{\"@type\":\"BreadcrumbList\",\"@id\":\"https:\/\/emmaus-blois.com\/index.php\/la-boutique\/#breadcrumb\",\"itemListElement\":[{\"@type\":\"ListItem\",\"position\":1,\"name\":\"Accueil\",\"item\":\"https:\/\/emmaus-blois.com\/\"},{\"@type\":\"ListItem\",\"position\":2,\"name\":\"LA BOUTIQUE !\"}]},{\"@type\":\"WebSite\",\"@id\":\"https:\/\/emmaus-blois.com\/#website\",\"url\":\"https:\/\/emmaus-blois.com\/\",\"name\":\"Emmaus Blois\",\"description\":\"\",\"potentialAction\":[{\"@type\":\"SearchAction\",\"target\":{\"@type\":\"EntryPoint\",\"urlTemplate\":\"https:\/\/emmaus-blois.com\/?s={search_term_string}\"},\"query-input\":\"required name=search_term_string\"}],\"inLanguage\":\"fr-FR\"}]}<\/script>\n<!-- \/ Yoast SEO plugin. -->","yoast_head_json":{"title":"LA BOUTIQUE ! - Emmaus Blois","description":"Nous vous rappelons que les horaires d\u2019ouverture de La Boutique! sont le Mercredi de 14h00 \u00e0 17h00 et le Samedi de 9h30 \u00e0 12H00 puis de 14h00 \u00e0 17h00.","robots":{"index":"index","follow":"follow","max-snippet":"max-snippet:-1","max-image-preview":"max-image-preview:large","max-video-preview":"max-video-preview:-1"},"canonical":"https:\/\/emmaus-blois.com\/index.php\/la-boutique\/","og_locale":"fr_FR","og_type":"article","og_title":"LA BOUTIQUE ! - Emmaus Blois","og_description":"Nous vous rappelons que les horaires d\u2019ouverture de La Boutique! sont le Mercredi de 14h00 \u00e0 17h00 et le Samedi de 9h30 \u00e0 12H00 puis de 14h00 \u00e0 17h00.","og_url":"https:\/\/emmaus-blois.com\/index.php\/la-boutique\/","og_site_name":"Emmaus Blois","article_modified_time":"2024-08-20T13:24:23+00:00","og_image":[{"url":"http:\/\/emmaus-blois.com\/wp-content\/uploads\/2020\/07\/La-boutique-1024x576.png"}],"twitter_card":"summary_large_image","twitter_misc":{"Dur\u00e9e de lecture estim\u00e9e":"1 minute"},"schema":{"@context":"https:\/\/schema.org","@graph":[{"@type":"WebPage","@id":"https:\/\/emmaus-blois.com\/index.php\/la-boutique\/","url":"https:\/\/emmaus-blois.com\/index.php\/la-boutique\/","name":"LA BOUTIQUE ! - Emmaus Blois","isPartOf":{"@id":"https:\/\/emmaus-blois.com\/#website"},"datePublished":"2020-07-11T07:52:47+00:00","dateModified":"2024-08-20T13:24:23+00:00","description":"Nous vous rappelons que les horaires d\u2019ouverture de La Boutique! sont le Mercredi de 14h00 \u00e0 17h00 et le Samedi de 9h30 \u00e0 12H00 puis de 14h00 \u00e0 17h00.","breadcrumb":{"@id":"https:\/\/emmaus-blois.com\/index.php\/la-boutique\/#breadcrumb"},"inLanguage":"fr-FR","potentialAction":[{"@type":"ReadAction","target":["https:\/\/emmaus-blois.com\/index.php\/la-boutique\/"]}]},{"@type":"BreadcrumbList","@id":"https:\/\/emmaus-blois.com\/index.php\/la-boutique\/#breadcrumb","itemListElement":[{"@type":"ListItem","position":1,"name":"Accueil","item":"https:\/\/emmaus-blois.com\/"},{"@type":"ListItem","position":2,"name":"LA BOUTIQUE !"}]},{"@type":"WebSite","@id":"https:\/\/emmaus-blois.com\/#website","url":"https:\/\/emmaus-blois.com\/","name":"Emmaus Blois","description":"","potentialAction":[{"@type":"SearchAction","target":{"@type":"EntryPoint","urlTemplate":"https:\/\/emmaus-blois.com\/?s={search_term_string}"},"query-input":"required name=search_term_string"}],"inLanguage":"fr-FR"}]}},"_links":{"self":[{"href":"https:\/\/emmaus-blois.com\/index.php\/wp-json\/wp\/v2\/pages\/1155"}],"collection":[{"href":"https:\/\/emmaus-blois.com\/index.php\/wp-json\/wp\/v2\/pages"}],"about":[{"href":"https:\/\/emmaus-blois.com\/index.php\/wp-json\/wp\/v2\/types\/page"}],"author":[{"embeddable":true,"href":"https:\/\/emmaus-blois.com\/index.php\/wp-json\/wp\/v2\/users\/3"}],"replies":[{"embeddable":true,"href":"https:\/\/emmaus-blois.com\/index.php\/wp-json\/wp\/v2\/comments?post=1155"}],"version-history":[{"count":13,"href":"https:\/\/emmaus-blois.com\/index.php\/wp-json\/wp\/v2\/pages\/1155\/revisions"}],"predecessor-version":[{"id":1503,"href":"https:\/\/emmaus-blois.com\/index.php\/wp-json\/wp\/v2\/pages\/1155\/revisions\/1503"}],"wp:attachment":[{"href":"https:\/\/emmaus-blois.com\/index.php\/wp-json\/wp\/v2\/media?parent=1155"}],"curies":[{"name":"wp","href":"https:\/\/api.w.org\/{rel}","templated":true}]}}

<div class="wp-block-image">
<figure class="aligncenter is-resized"><img loading="lazy" src="http://emmaus-blois.com/wp-content/uploads/2020/07/La-boutique-1024x576.png" alt="" class="wp-image-1181" width="774" height="434" srcset="https://emmaus-blois.com/wp-content/uploads/2020/07/La-boutique-1024x576.png 1024w, https://emmaus-blois.com/wp-content/uploads/2020/07/La-boutique-300x169.png 300w, https://emmaus-blois.com/wp-content/uploads/2020/07/La-boutique-768x432.png 768w, https://emmaus-blois.com/wp-content/uploads/2020/07/La-boutique-1536x864.png 1536w, https://emmaus-blois.com/wp-content/uploads/2020/07/La-boutique-2048x1152.png 2048w, https://emmaus-blois.com/wp-content/uploads/2020/07/La-boutique-1140x641.png 1140w" sizes="(max-width: 774px) 100vw, 774px" /></figure></div>


<p>Bienvenue sur la nouvelle page de notre siteweb EMMAÜS Blois dédié à La Boutique! Vous y trouverez toutes les informations concernant La Boutique! EMMAÜS Blois et ses rayons (Bijoux, Bric-à-Brac, Électroménager, Jouet, Livre, Literie, Meuble, Puériculture, TV – Hifi, Vêtement). Nous vous rappelons que les horaires d’ouverture de La Boutique! sont le Mercredi de 14h00 à 17h00 et le Samedi de 9h30 à 12H00 puis de 14h00 à 17h00.</p>



<figure class="wp-block-image size-large"><img loading="lazy" width="724" height="1024" src="http://emmaus-blois.com/wp-content/uploads/2020/07/Parcours-du-don-724x1024.png" alt="" class="wp-image-1440" srcset="https://emmaus-blois.com/wp-content/uploads/2020/07/Parcours-du-don-724x1024.png 724w, https://emmaus-blois.com/wp-content/uploads/2020/07/Parcours-du-don-212x300.png 212w, https://emmaus-blois.com/wp-content/uploads/2020/07/Parcours-du-don-768x1086.png 768w, https://emmaus-blois.com/wp-content/uploads/2020/07/Parcours-du-don-1086x1536.png 1086w, https://emmaus-blois.com/wp-content/uploads/2020/07/Parcours-du-don-1448x2048.png 1448w, https://emmaus-blois.com/wp-content/uploads/2020/07/Parcours-du-don-1140x1613.png 1140w, https://emmaus-blois.com/wp-content/uploads/2020/07/Parcours-du-don.png 1587w" sizes="(max-width: 724px) 100vw, 724px" /></figure>

<p>Bienvenue sur la nouvelle page de notre siteweb EMMAÜS Blois dédié à La Boutique! Vous y trouverez toutes les informations concernant La Boutique! EMMAÜS Blois et ses rayons (Bijoux, Bric-à-Brac, Électroménager, Jouet, Livre, Literie, Meuble, Puériculture, TV – Hifi, Vêtement). Nous vous rappelons que les horaires d’ouverture de La Boutique! sont le Mercredi de 14h00 à 17h00 et le Samedi de 9h30 à 12H00 puis de 14h00 à 17h00.</p>

<!-- This site is optimized with the Yoast SEO plugin v19.14 - https://yoast.com/wordpress/plugins/seo/ -->
<title>LA BOUTIQUE ! - Emmaus Blois</title>
<meta name="description" content="Nous vous rappelons que les horaires d’ouverture de La Boutique! sont le Mercredi de 14h00 à 17h00 et le Samedi de 9h30 à 12H00 puis de 14h00 à 17h00." />
<meta name="robots" content="index, follow, max-snippet:-1, max-image-preview:large, max-video-preview:-1" />
<link rel="canonical" href="https://emmaus-blois.com/index.php/la-boutique/" />
<meta property="og:locale" content="fr_FR" />
<meta property="og:type" content="article" />
<meta property="og:title" content="LA BOUTIQUE ! - Emmaus Blois" />
<meta property="og:description" content="Nous vous rappelons que les horaires d’ouverture de La Boutique! sont le Mercredi de 14h00 à 17h00 et le Samedi de 9h30 à 12H00 puis de 14h00 à 17h00." />
<meta property="og:url" content="https://emmaus-blois.com/index.php/la-boutique/" />
<meta property="og:site_name" content="Emmaus Blois" />
<meta property="article:modified_time" content="2024-08-20T13:24:23+00:00" />
<meta property="og:image" content="http://emmaus-blois.com/wp-content/uploads/2020/07/La-boutique-1024x576.png" />
<meta name="twitter:card" content="summary_large_image" />
<meta name="twitter:label1" content="Durée de lecture estimée" />
	<meta name="twitter:data1" content="1 minute" />
<script type="application/ld+json" class="yoast-schema-graph">{"@context":"https://schema.org","@graph":[{"@type":"WebPage","@id":"https://emmaus-blois.com/index.php/la-boutique/","url":"https://emmaus-blois.com/index.php/la-boutique/","name":"LA BOUTIQUE ! - Emmaus Blois","isPartOf":{"@id":"https://emmaus-blois.com/#website"},"datePublished":"2020-07-11T07:52:47+00:00","dateModified":"2024-08-20T13:24:23+00:00","description":"Nous vous rappelons que les horaires d’ouverture de La Boutique! sont le Mercredi de 14h00 à 17h00 et le Samedi de 9h30 à 12H00 puis de 14h00 à 17h00.","breadcrumb":{"@id":"https://emmaus-blois.com/index.php/la-boutique/#breadcrumb"},"inLanguage":"fr-FR","potentialAction":[{"@type":"ReadAction","target":["https://emmaus-blois.com/index.php/la-boutique/"]}]},{"@type":"BreadcrumbList","@id":"https://emmaus-blois.com/index.php/la-boutique/#breadcrumb","itemListElement":[{"@type":"ListItem","position":1,"name":"Accueil","item":"https://emmaus-blois.com/"},{"@type":"ListItem","position":2,"name":"LA BOUTIQUE !"}]},{"@type":"WebSite","@id":"https://emmaus-blois.com/#website","url":"https://emmaus-blois.com/","name":"Emmaus Blois","description":"","potentialAction":[{"@type":"SearchAction","target":{"@type":"EntryPoint","urlTemplate":"https://emmaus-blois.com/?s={search_term_string}"},"query-input":"required name=search_term_string"}],"inLanguage":"fr-FR"}]}</script>
<!-- / Yoast SEO plugin. -->

Nous vous rappelons que les horaires d’ouverture de La Boutique! sont le Mercredi de 14h00 à 17h00 et le Samedi de 9h30 à 12H00 puis de 14h00 à 17h00.
